e the greatest common factor of u and 12.
12
Suppose -d - d = 3*q - 6, 2*d - 6 = -4*q. What is the greatest common divisor of d and 27?
3
Suppose 1 = 2*f - x, -27 = -2*f - 2*f - 3*x. Let b = 76 + -49. Calculate the highest common divisor of b and f.
3
Suppose 40*f - 34*f - 660 = 0. Suppose -5*q + 2*y + 3 = -1, 2*y - 12 = -3*q. Let x be -10*(-2)/(4/q). Calculate the highest common factor of f and x.
10
Let v(g) = g - 3. Suppose -33 = -4*j - 1. Let z be v(j). Calculate the greatest common factor of z and 15.
5
Let g be (-16 - -5)/((15/6)/(-5)). Let w(h) = -h**3 - h**2 + 5*h + 5. Let t be w(-4). Calculate the greatest common divisor of g and t.
11
Suppose -3*c - 27 + 63 = 0. Let k be 8 - ((-21)/6)/(-7)*4. Calculate the highest common divisor of c and k.
6
Let p be (-4)/(-18) + 691/9. Let w(f) = 6*f**3 + f**2 - f. Let d be w(1). Let t be 34/3 - 2/d. Calculate the greatest common factor of p and t.
11
Suppose z = 3*z + 132. Let b = 144 + z. Let k = 120 - b. What is the greatest common divisor of k and 6?
6
Suppose -2*v - 10 = -0*v. Suppose 20 = 5*x, -4*k - 4*x = -0*x + 16. Let s = v - k. Calculate the greatest common divisor of s and 27.
3
Suppose 0*f - 28 = -f. What is the highest common factor of 28 and f?
28
Suppose 3*g - 4*g = 0. Let h be 2/((-2)/(-2 - 142)). Suppose g = 3*b - b - h. What is the greatest common divisor of 8 and b?
8
Suppose 4*o - 22 = 2*b, -4*b - 27 = 2*o - 63. What is the highest common factor of 40 and o?
8
Suppose 0*r - 4 = -r. Let l be (120/25)/(r/70). What is the highest common factor of l and 12?
12
Suppose 0 - 4 = -m. Suppose -13 = p - 2*p - 4*v, m*v + 39 = 3*p. What is the highest common divisor of p and 143?
13
Suppose 2*l - 21 = 9. Suppose 450 = 8*h + 22*h. Calculate the greatest common factor of h and l.
15
Suppose -i - 3*i + n + 237 = 0, 5*i - 312 = -4*n. What is the greatest common factor of i and 40?
20
Suppose 2*w - 189 = -5*y - 0*w, -5*y + 4*w + 177 = 0. What is the greatest common divisor of 37 and y?
37
Let g be -5*(2 + (-60)/25). Calculate the greatest common divisor of 16 and g.
2
Let k(s) = s - 13. Let o be k(15). Calculate the greatest common factor of 16 and o.
2
Suppose 4*w = -p + 5*p + 44, 4*w + 4*p - 12 = 0. Calculate the highest common divisor of w and 14.
7
Suppose 0 = -4*v - 0*v + 36. What is the highest common factor of 3 and v?
3
Let j = 2 + 0. Let k(h) = 5*h - 1. Let p be k(j). Calculate the greatest common factor of p and 3.
3
Let m = -38 - -27. Let k = 37 - m. What is the greatest common divisor of k and 6?
6
Let s(l) = -85*l + 20. Let q be s(-3). What is the highest common factor of 25 and q?
25
Let o be (-13 + 1)*(-10)/15. Suppose -f - 4*f + 3*k = -12, 2*k = -o. Let t = f + 1. What is the highest common divisor of t and 11?
1
Let b(x) = -6*x - 1. Let w be b(-11). Suppose 3*r - w - 115 = 0. Calculate the highest common divisor of 40 and r.
20
Let n be (-1)/(2 - 5/2). Suppose n*s = 43 - 15. Calculate the greatest common factor of 2 and s.
2
Let w = 85 - 78. What is the highest common factor of 7 and w?
7
Let t be (-38)/6 - 3/(-9). Let o be (-153)/t + (-3)/(-6). Let z be (-1)/(0 + -1) - -64. Calculate the greatest common factor of z and o.
13
Let k = 14 - 29. Let d = 23 + k. Calculate the highest common divisor of d and 24.
8
Suppose -2*c = 6 + 82. Let d be (c/6)/(2/(-3)). What is the highest common divisor of 99 and d?
11
Let t be ((-30)/(-9))/(-5)*-3. Suppose 0 = -5*y - 10, -3*d - 3 = -3*y - 21. Let m be (t - 0)/(d/42). What is the highest common factor of 231 and m?
21
Let n = 25 - 2. What is the highest common factor of 138 and n?
23
Let m(z) = -9*z + 1. Let f be m(1). Let k = -1 - f. Suppose 4*q - 1 = 27. Calculate the highest common factor of k and q.
7
Suppose -5*r = -d + 9, -5*d = -3*r + 7*r - 16. What is the highest common factor of d and 4?
4
Suppose -3*l + 41 = -13. Let m = -17 + 12. Let t = m - -23. Calculate the highest common factor of t and l.
18
Let x(p) be the first derivative of -21*p**2/2 - 3. Let i = 1 + -2. Let q be x(i). What is the highest common divisor of 3 and q?
3
Suppose -2*m = -m - 45. Suppose -3*b + 4*a + m = 0, -4*b + 6*b - 5*a - 30 = 0. What is the highest common factor of b and 3?
3
Let g = 85 + -25. Suppose -2*w - g = -4*w. What is the greatest common factor of 10 and w?
10
Let f = 12 + -12. Suppose -5*w + 88 + 52 = f. What is the greatest common divisor of 4 and w?
4
Let k(y) = -2*y**3 - 15*y**2 - 18*y + 2. Let b be k(-6). What is the greatest common factor of b and 62?
2
Suppose -106 = -5*k - 31. Suppose -17 - k = -i. Let v = 24 - 20. Calculate the highest common factor of i and v.
4
Suppose w = 2*m - 20, 4*w - 10 = -m - 0*w. Calculate the greatest common divisor of m and 20.
10
Let a = -24 - -11. Let i = -38 + 16. Let p = a - i. What is the highest common divisor of 81 and p?
9
Let j = 115 + -68. Suppose -2*x - 2*o + 68 = -6*o, 0 = -3*x - 5*o + j. Calculate the highest common factor of 60 and x.
12
Let d = 8 + -4. Calculate the highest common factor of d and 28.
4
Suppose 2*a + 13 + 3 = 0. Let g(f) = f**2 + 7*f + 3. Let t be g(a). Let v be (-2)/7 + (-3475)/(-35). Calculate the greatest common divisor of t and v.
11
Let j be -2 - (0 + 1 + -4). Suppose k - 6*k + 40 = 0. Calculate the highest common divisor of k and j.
1
Suppose 0 = -5*d + 2*r + r + 399, 5*r - 91 = -d. Let i = -25 - -34. Calculate the greatest common divisor of i and d.
9
Let w(b) = -2 - 5*b**2 - 2 + 0*b + b**3 + 0*b**2 - b. Let i be w(6). Let r be 1/(-4) - (-106)/8. Calculate the greatest common divisor of r and i.
13
Let u(y) = y**3 + 7*y**2 + y + 7. Suppose -5*n + 10 = -3*n. Let p = 0 - n. Let l be u(p). What is the highest common divisor of 13 and l?
13
Let q be 133/2 + 2/(-4). Calculate the highest common factor of 6 and q.
6
Let r be (-3)/(-4) + 27/12. Let l(t) = 5*t**3 - 4*t**r + t**2 + 5*t - 3*t**2 - 3*t**2. Let g be l(5). What is the greatest common divisor of g and 5?
5
Let y(z) = z**3 + 4*z**2 + 5*z + 8. Let x be y(-3). Calculate the highest common factor of 26 and x.
2
Let a = 114 + -166. Let b = 189 - 281. Let v = a - b. Calculate the greatest common factor of 5 and v.
5
Let o be ((3 + -3)/(-1))/3. Let j be o + (-3 + 2 - -25). What is the greatest common factor of j and 8?
8
Let j = -35 + 14. Let z be ((-54)/j)/(2/42). What is the highest common factor of 6 and z?
6
Suppose 31 + 57 = 4*l. What is the greatest common factor of l and 11?
11
Suppose -k = k + 2*m - 260, 5*k - m = 626. Let q = 27 + -13. Calculate the greatest common divisor of k and q.
14
Let o be ((-8)/(-12))/((-4)/(-54)). Let c = -24 + 11. Let t = -4 - c. Calculate the greatest common factor of o and t.
9
Suppose -3*q - s = -2*s - 122, q = -4*s + 45. What is the greatest common factor of q and 369?
41
Suppose 0 = 5*p - 0*p - 45. Let v(q) be the first derivative of q**2 - 10*q - 4. Let z be v(p). What is the greatest common divisor of z and 8?
8
Let n be -1 + 2 + 79 + 1. Suppose 3*k - 4*x = 89, -x + 7 = -3*k + n. Suppose -3 + k = 5*r. What is the highest common factor of r and 2?
2
Suppose 0 = 4*j - j + 5*r - 35, -5*r = 2*j - 30. Suppose -7 = -n + j. Calculate the highest common divisor of n and 48.
12
Suppose 3*y = 6*y - 396. Calculate the highest common divisor of 12 and y.
12
Let a(o) = 2*o + 3. Let k = 5 + -7. Let q be (k + 0)*1*-2. Let r be a(q). Calculate the highest common divisor of r and 99.
11
Let n(i) = -i + 11. Let x be n(11). Suppose x = -5*m - 74 + 404. Let b be ((-9)/(-2))/(3/4). Calculate the highest common divisor of b and m.
6
Suppose 5*k - 4*v = 146, -3*k + 70 = -v + 3*v. Let q = 212 + -147. Calculate the highest common factor of k and q.
13
Let k be 144/30 + (-1)/(-5). Suppose 2*w + 2*h - 44 = 0, k*h + 18 = 3*w - 32. Calculate the highest common factor of 20 and w.
20
Suppose 4*z - 22 = 2*x, -z + x + 4 = -1. Suppose -r - 275 = -z*r. Let b be r + (2 - 4/2). Calculate the greatest common factor of b and 5.
5
Suppose -5*n = -10, -4*n = -3*s - 5 + 3. Let c be (5/10)/(s/20). Let l(z) = -z**2 + 8*z + 1. Let h be l(c). What is the greatest common factor of 144 and h?
16
Let n be -1*70*(-2)/4. What is the highest common divisor of n and 28?
7
Suppose -v = -0*v - 15. Let j = -4 - -8. Suppose j*u = -0*u + 12. Calculate the highest common factor of v and u.
3
Let l be 702/42 - (-2)/7. What is the greatest 